. Is 2*j*2/(-8) a multiple of 5?
False
Let y = -61 - -191. Suppose -3*q + y = 10. Is q a multiple of 20?
True
Let p be (-12)/(-9)*6 + 2. Let y = p + -5. Suppose y*n - 24 = n. Is n a multiple of 6?
True
Suppose 4*d - 2 = -14. Let m = 6 + d. Is 12 a factor of (9 - 1)*(m + 0)?
True
Let k be -2*1/((-6)/45). Suppose 0 = 4*p - p - k. Suppose -a = p*q - 13 - 104, 66 = 3*q + 2*a. Is 12 a factor of q?
True
Let j be 4*(-3 - 10/(-4)). Let n(d) = -5*d**3 - 2*d**2 - 2*d + 2. Is n(j) a multiple of 12?
False
Suppose -2*q + p = -27 - 84, -2*p + 184 = 3*q. Suppose -162 = -5*h - i, 4*h + 4*i - 62 = q. Does 11 divide h?
True
Let m be (-1 - -2)/(4/12). Suppose 0 = -m*x + 46 - 1. Is x a multiple of 15?
True
Let b be 34/12 - 5/(-30). Suppose 5*t + 3*l - 115 = 0, t - b*l - l = 0. Does 10 divide t?
True
Is 23 a factor of 761/11 - ((-378)/99 + 4)?
True
Let h = -125 + 167. Does 16 divide h?
False
Let o(j) be the first derivative of 5*j**4/4 - j**3/3 + j**2/2 - 3. Is o(2) a multiple of 22?
False
Let c be ((-4)/(-6))/(-1)*-6. Suppose 8*u - 192 = c*u. Is 16 a factor of u?
True
Let m(v) = -20*v**3 - v**2. Let p be (-3 - -6 - 4)*1. Is 10 a factor of m(p)?
False
Let b be (-6)/4*(-6)/(-9). Is (-1 - 0) + 37 + b a multiple of 15?
False
Let s(y) be the third derivative of -2*y**4/3 + y**3/6 - 4*y**2. Does 13 divide s(-4)?
True
Let y = 8 + -4. Suppose y*c + 72 = 4*l, -l - 15 = 4*l. Is (-2)/(2*3/c) a multiple of 3?
False
Suppose 2*k + 36 = 3*l, -56 = 3*k - 6*l + l. Let f be k/8 + (-42)/(-4). Suppose -170 = 4*b - f*b. Does 17 divide b?
True
Suppose -2*s + 3 = 1. Let y be s/((-3)/(-84)*2). Suppose 4*i - 35 = t, 3*t - t = i - y. Is i a multiple of 4?
True
Let w = -67 - -106. Does 13 divide w?
True
Suppose 2*v + 14 = 3*r - 3, 0 = 2*r - 4*v - 6. Suppose -5*j + 1024 = -3*h, j - 212 = -r*h + 4*h. Does 14 divide (-8)/(-12) - j/(-6)?
False
Suppose 0 = -4*c - 20 + 48. Let a = 0 + c. Is a a multiple of 7?
True
Let u(i) = i**2 - 7*i. Let b(l) = l**3 - 5*l**2 - 4*l - 2. Let z be b(6). Does 14 divide u(z)?
False
Suppose 4*z - 2*z = 0. Suppose -r - 3*x + 92 = r, z = -r + x + 46. Suppose -2*h + 30 = 5*k, 0*h + r = 4*h + 3*k. Does 9 divide h?
False
Suppose 3*f = 4*o - 619, -4*o = 5*f - 409 - 202. Is o a multiple of 33?
False
Let x(a) = 3*a**2 - 2*a - 3. Let b(k) = -k**2 - 7*k + 3. Let n be b(-7). Let o be x(n). Suppose 0 = 3*h - 3, -4*h - o = -3*f + 11. Is f a multiple of 4?
False
Let l(f) = f**3 + 8*f**2 - f - 10. Let r be l(-8). Let h be 5/((-1 - r)/1). Suppose 0*g = -5*w - h*g + 35, 4*g - 18 = w. Is w a multiple of 2?
True
Let k(c) = -c**2 + 12*c - 5. Suppose 0 = -v + 2 + 8. Does 15 divide k(v)?
True
Let y(l) = -7*l - 10. Let t(i) = -3*i - 5. Let n(w) = -5*t(w) + 2*y(w). Let d be n(-3). Does 6 divide -25*(-2)/10*d?
False
Is (-288)/(-27) - (-2)/6 a multiple of 3?
False
Suppose -4*x = -9*x. Suppose 3*v = -2*j + 26, j - 3*v = -x*v + 13. Suppose 4*y - 88 = -4*f, -f + j = 2*y - 36. Does 9 divide y?
True
Let k(l) = 4*l**3 + 6 - 3*l**3 + l**2 + 2. Is 8 a factor of k(0)?
True
Suppose 1404 = 16*h - 644. Is h a multiple of 12?
False
Let x(o) = 6*o**2 - 2*o + 1. Let y be x(1). Suppose 0*a - 5 = y*a. Is 7 a factor of a/(-2) + (-82)/(-4)?
True
Let q = 4 - 2. Let j = q + 2. Let r = 12 - j. Is 3 a factor of r?
False
Suppose 0*f = 2*f + 3*l - 47, 0 = -2*f + 4*l + 12. Is 8 a factor of f?
True
Let k be 34/7 + 3/21. Suppose -k*w + 4*w + 12 = 0. Is 6 a factor of w?
True
Let n(l) = -l**2 - 5*l + 6. Let r be n(-6). Suppose 0 = -2*p - r*p + 24. Does 11 divide p?
False
Let s(r) = -8*r + 6. Does 23 divide s(-5)?
True
Let h = 235 + -158. Let b = h - 37. Suppose -4 = -4*z + b. Is 4 a factor of z?
False
Let g(x) = -191*x**3 + x**2. Let d be g(-1). Suppose -h - d = -4*h. Suppose v = -v + h. Is 9 a factor of v?
False
Suppose 3*l - 5*u - 222 = 0, -l - 5*u = -0*l - 74. Is 12 a factor of l?
False
Let a be 12/(-5) + (-4)/(-10). Let s = a + 5. Suppose -2*b + x = s*b - 45, x = -b + 3. Is b a multiple of 3?
False
Let g = -54 + 27. Is 10 a factor of -2 + (4 - (g - 0))?
False
Let m(w) = w**2 + 9*w + 10. Let v be m(-8). Suppose 6 = -v*b + 4*b. Suppose -5*q + 60 = -b*k, k - 12 - 8 = -q. Is 8 a factor of q?
False
Let u = 0 - -5. Suppose 7 = -u*f + 22. Suppose -4*c = -5*g - 47, c + 0 = -f*g - 1. Is c a multiple of 8?
True
Let x(n) = n**3 + 8*n**2 - 9*n + 6. Let q be x(-8). Is q/(6/(-4) + 3) a multiple of 10?
False
Let r = 1 - -3. Suppose -53 + 4 = -3*s - 5*d, -s - r*d + 14 = 0. Does 9 divide s?
True
Let w = -42 - -63. Is w a multiple of 4?
False
Let p(q) = -4*q - 1. Let n be p(-1). Suppose 0 = -z - n*z + 120. Does 15 divide z?
True
Suppose 3*q = 7*q + 40. Let a = 30 + q. Is a a multiple of 10?
True
Let x = -6 - -10. Is 11 a factor of 171/15 + x/(-10)?
True
Let a = -6 + 14. Is a a multiple of 4?
True
Suppose 46 = 3*i + 4*a - 10, a - 68 = -3*i. Is i a multiple of 12?
True
Suppose 3*j - 7 = -2*h + 5, -1 = h - 2*j. Suppose h*l = 12, -i - 14 + 4 = -4*l. Is i a multiple of 2?
True
Let u(b) = 87*b**3 + b**2 + b - 2. Does 30 divide u(1)?
False
Let v(i) = -i**2 + 2*i + 11. Let w be v(4). Let b = 28 + -13. Let d = w + b. Is 12 a factor of d?
False
Suppose 2 = -f + 6. Is 34/f - (-30)/20 a multiple of 5?
True
Let f = -21 + 7. Let z be (-60)/(-14) + 4/f. Suppose 5 + 107 = z*a. Does 14 divide a?
True
Let q(v) = 50*v + 1. Let a be q(2). Let z = 169 - a. Is z a multiple of 17?
True
Suppose 45 = 4*b - 5*k, -2*k - 25 = -b + 2*k. Let o = 18 - 14. Suppose -204 = -b*c + u, 3*u - 140 - 8 = -o*c. Is 12 a factor of c?
False
Let v be (-30)/(-3) + -3 + 1. Let d = v + 3. Is 7 a factor of d?
False
Suppose 5*x + 3*h - 378 = 0, -3*x + 3*h + 239 = -7. Is x a multiple of 29?
False
Let d(j) = -5*j - 2. Is d(-9) a multiple of 17?
False
Suppose -8 = 2*t - 280. Does 10 divide t?
False
Suppose 0 = 2*w - 4*v - 30, 0 = -2*w + v + 37 - 7. Is 7 a factor of w?
False
Suppose -4*z + 2*i = -14, z = 2*i + 1 + 7. Suppose 0 = -0*d - z*d. Suppose d*b = 4*b - 92. Is 11 a factor of b?
False
Let l = -5 - -5. Is 8 a factor of 10 - (2 - (l + 1))?
False
Let z be 4/(-18) - 415/(-45). Let j(r) = 3*r + 4. Is j(z) a multiple of 16?
False
Let p be ((-10)/(-15))/(1/174). Suppose -4*u = -5*y - p, -7*u + 2*u = -5*y - 140. Is u a multiple of 12?
True
Let b(l) = -l**3 + 8*l**2 - 7*l + 8. Is b(7) even?
True
Is 22 a factor of 3*((-88)/(-12) + 0)?
True
Suppose 0 = -b - 5*r + 22, 53 = 3*b + r + r. Let n = b + -12. Suppose -n*q = 4*o - 27, -4*q + 2 = 4*o - 26. Is 3 a factor of o?
False
Is (-609)/84*-4*1 a multiple of 21?
False
Let r(y) = y**2 + 4*y + 2. Let c be r(-4). Suppose -129 = -5*g + c*h + 140, -6 = 3*h. Does 18 divide g?
False
Suppose 2*n - 5*g = n + 14, 2*n - 28 = 4*g. Is 6 a factor of n?
False
Let b be -2 - (-7)/(28/(-240)). Let g = b - -89. Is g a multiple of 9?
True
Suppose 4*w - 3*f = 5, -f + 3*f - 25 = -3*w. Let s be (3 + (2 - w))/2. Suppose s*y = 3*y - 18. Is y a multiple of 3?
True
Suppose 0*c = c - 4. Suppose 3*y + 4 = c*p + 2, 3*p - y - 4 = 0. Suppose 30 = 3*m + 3*w, -m - p*w + 7*w - 14 = 0. Is 4 a factor of m?
False
Suppose 0 = -i + k - 24 + 76, 3*i = -k + 176. Let g(j) = j + 22. Let z be g(-19). Suppose -3*h + i = z*v, -4*v - 31 = -h - 9*v. Does 6 divide h?
False
Let y be 2/5 + (-108)/20. Let i(t) = -1 + 6*t**2 + t**3 + 5*t + 0 + 7. Does 6 divide i(y)?
True
Suppose -5*b + 2 = -18. Suppose -u + 5*i = -3*u + 4, i = -b. Is 7 a factor of u - 0 - 6/6?
False
Let v be (2 + -36)*-1 - -1. Let p = 51 - v. Is 8 a factor of p?
True
Let b = -12 - -66. Is 20 a factor of b?
False
Let b = -15 - -34. Is 19 a factor of b?
True
Let t(d) = -d**2 + 5*d + 6. Let s be t(6). Let l be (3/(3/(-10)))/(-2). Suppose s*n - 4*k = -4*n + 172, 0 = -5*n - l*k + 195. Is 20 a factor of n?
False
Let p(u) be the second derivative of u**3/6 - u**2/2 - u. Let o(r) = 7*r**2 - 2*r + 2. Let q(n) = o(n) + 4*p(n). Is 10 a factor of q(2)?
True
Suppose -a + 138 = -4*a. Let m = 64 + a. Is 9 a factor of m?
True
Let k(g) = -g**3 - g + 3. Suppose -3*m = -7*m. Does 2 divide k(m)?
False
Let g be 16/(-4) + 2/(-1). Does 12 divide 29*1 - 0/g?
False
Let j = 26 - -7. Does 11 divide j?
True
Let h(p) = -p**2 - 7*p - 9. Let q be h(-6). Is 2 a factor of 0 - (q + 4 + -3)?
True
Let w be 0 + (-1)/((-1)/6). Suppose j - 13 = -3*z + 2*z, 75 = 5*j + 3*z. Let a = j - w. Is 6 a factor of a?
True
Let g = -8 - -8. Let q be 1 - ((-15)/1 - -1). Let c = q